emainder when 257 is divided by 38.
29
Calculate the remainder when 384 is divided by 78.
72
Calculate the remainder when 713 is divided by 91.
76
Calculate the remainder when 417 is divided by 49.
25
Calculate the remainder when 2775 is divided by 173.
7
What is the remainder when 671 is divided by 20?
11
Calculate the remainder when 813 is divided by 200.
13
Calculate the remainder when 255 is divided by 248.
7
What is the remainder when 312 is divided by 127?
58
Calculate the remainder when 226 is divided by 27.
10
Calculate the remainder when 1598 is divided by 80.
78
Calculate the remainder when 1280 is divided by 41.
9
What is the remainder when 7182 is divided by 2393?
3
What is the remainder when 280 is divided by 55?
5
What is the remainder when 279 is divided by 46?
3
What is the remainder when 89 is divided by 65?
24
What is the remainder when 3005 is divided by 230?
15
Calculate the remainder when 3952 is divided by 35.
32
What is the remainder when 249 is divided by 91?
67
What is the remainder when 474 is divided by 28?
26
Calculate the remainder when 398 is divided by 21.
20
What is the remainder when 782 is divided by 131?
127
What is the remainder when 47 is divided by 43?
4
What is the remainder when 12799 is divided by 80?
79
Calculate the remainder when 143 is divided by 41.
20
What is the remainder when 1441 is divided by 14?
13
What is the remainder when 674 is divided by 25?
24
What is the remainder when 67 is divided by 13?
2
What is the remainder when 418 is divided by 340?
78
What is the remainder when 645 is divided by 36?
33
What is the remainder when 327 is divided by 30?
27
Calculate the remainder when 527 is divided by 24.
23
Calculate the remainder when 59 is divided by 47.
12
What is the remainder when 441 is divided by 37?
34
What is the remainder when 3200 is divided by 43?
18
What is the remainder when 815 is divided by 48?
47
Calculate the remainder when 969 is divided by 65.
59
What is the remainder when 14 is divided by 12?
2
What is the remainder when 185 is divided by 180?
5
Calculate the remainder when 15 is divided by 7.
1
Calculate the remainder when 646 is divided by 259.
128
What is the remainder when 381 is divided by 43?
37
Calculate the remainder when 5438 is divided by 147.
146
Calculate the remainder when 312 is divided by 71.
28
Calculate the remainder when 91 is divided by 30.
1
What is the remainder when 83 is divided by 15?
8
Calculate the remainder when 164 is divided by 89.
75
Calculate the remainder when 456 is divided by 158.
140
What is the remainder when 199 is divided by 122?
77
Calculate the remainder when 715 is divided by 233.
16
Calculate the remainder when 684 is divided by 33.
24
Calculate the remainder when 161 is divided by 52.
5
What is the remainder when 612 is divided by 164?
120
What is the remainder when 118 is divided by 26?
14
Calculate the remainder when 4481 is divided by 27.
26
Calculate the remainder when 832 is divided by 183.
100
Calculate the remainder when 1303 is divided by 256.
23
Calculate the remainder when 49 is divided by 4.
1
What is the remainder when 489 is divided by 62?
55
What is the remainder when 234 is divided by 103?
28
What is the remainder when 11827 is divided by 26?
23
Calculate the remainder when 594 is divided by 85.
84
What is the remainder when 3868 is divided by 428?
16
What is the remainder when 12830 is divided by 17?
12
What is the remainder when 149 is divided by 41?
26
Calculate the remainder when 495 is divided by 23.
12
What is the remainder when 1517 is divided by 11?
10
Calculate the remainder when 6103 is divided by 37.
35
What is the remainder when 20748 is divided by 166?
164
Calculate the remainder when 15361 is divided by 78.
73
Calculate the remainder when 218 is divided by 71.
5
What is the remainder when 122 is divided by 5?
2
What is the remainder when 542 is divided by 21?
17
Calculate the remainder when 199 is divided by 8.
7
Calculate the remainder when 245 is divided by 6.
5
Calculate the remainder when 42 is divided by 12.
6
What is the remainder when 121 is divided by 33?
22
What is the remainder when 1122 is divided by 76?
58
What is the remainder when 220 is divided by 56?
52
Calculate the remainder when 78 is divided by 65.
13
What is the remainder when 13535 is divided by 32?
31
Calculate the remainder when 138 is divided by 41.
15
What is the remainder when 6433 is divided by 99?
97
What is the remainder when 206 is divided by 119?
87
What is the remainder when 375 is divided by 172?
31
Calculate the remainder when 685 is divided by 83.
21
Calculate the remainder when 1430 is divided by 25.
5
Calculate the remainder when 846 is divided by 139.
12
What is the remainder when 44 is divided by 28?
16
Calculate the remainder when 57 is divided by 23.
11
What is the remainder when 1035 is divided by 74?
73
Calculate the remainder when 14 is divided by 6.
2
Calculate the remainder when 691 is divided by 238.
215
Calculate the remainder when 2005 is divided by 169.
146
Calculate the remainder when 4359 is divided by 9.
3
Calculate the remainder when 5866 is divided by 38.
14
What is the remainder when 1246 is divided by 129?
85
What is the remainder when 1097 is divided by 28?
5
Calculate the remainder when 240 is divided by 80.
0
What is the remainder when 288 is divided by 45?
18
Calculate the remainder when 504 is divided by 49.
14
Calculate the remainder when 1725 is divided by 7.
3
Calculate the remainder when 244 is divided by 31.
27
What is the remainder when 390 is divided by 14?
12
Calculate the remainder when 143 is divided by 17.
7
What is the remainder when 111 is divided by 29?
24
What is the remainder when 486 is divided by 54?
0
What is the remainder when 857 is divided by 84?
17
What is the remainder when 359 is divided by 71?
4
What is the remainder when 1971 is divided by 282?
279
Calculate the remainder when 15 is divided by 6.
3
What is the remainder when 1506 is divided by 250?
6
Calculate the remainder when 616 is divided by 227.
162
Calculate the remainder when 13882 is divided by 131.
127
What is the remainder when 75 is divided by 9?
3
What is the remainder when 979 is divided by 125?
104
Calculate the remainder when 611 is divided by 41.
37
What is the remainder when 237 is divided by 92?
53
Calculate the remainder when 284 is divided by 81.
41
What is the remainder when 2000 is divided by 664?
8
What is the remainder when 2060 is divided by 145?
30
What is the remainder when 5053 is divided by 15?
13
Calculate the remainder when 54 is divided by 14.
12
Calculate the remainder when 222 is divided by 78.
66
What is the remainder when 166 is divided by 84?
82
Calculate the remainder when 872 is divided by 217.
4
Calculate the remainder when 102 is divided by 18.
12
Calculate the remainder when 998 is divided by 197.
13
Calculate the remainder when 1602 is divided by 77.
62
What is the remainder when 103 is divided by 13?
12
Calculate the remainder when 49 is divided by 12.
1
What is the remainder when 839 is divided by 53?
44
What is the remainder when 80 is divided by 25?
5
Calculate the remainder when 343 is divided by 84.
7
What is the remainder when 314 is divided by 116?
82
What is the remainder when 154 is divided by 12?
10
What is the remainder when 75 is divided by 38?
37
What is the remainder when 4173 is divided by 29?
26
What is the remainder when 122 is divided by 38?
8
What is the remainder when 406 is divided by 51?
49
What is the remainder when 21711 is divided by 22?
19
What is the remainder when 4024 is divided by 65?
59
What is the remainder when 320 is divided by 13?
8
Calculate the remainder when 7 is divided by 7.
0
What is the remainder when 1307 is divided by 118?
9
What is the remainder when 4041 is divided by 12?
9
Calculate the remainder when 416 is divided by 19.
17
What is the remainder when 385 is divided by 43?
41
What is the remainder when 3516 is divided by 878?
4
Calculate the remainder when 1917 is divided by 7.
6
What is the remainder when 208 is divided by 142?
66
What is the remainder when 943 is divided by 156?
7
What is the remainder when 879 is divided by 21?
18
What is the remainder when 1323 is divided by 3?
0
Calculate the remainder when 2089 i